 + q = -3*z, 0*z - 17 = -2*b - z. What is the units digit of b?
1
Let j = 4 - 1. Let v(p) = -3 + j - 2*p - 5. What is the units digit of v(-4)?
3
Suppose 0 = -5*m + 5*d - 4*d + 15, 26 = 4*m + 2*d. What is the units digit of m?
4
Let c be (1 - (-7)/(-3))*-24. Suppose -m + 19 = 2*h, -h - 4*m + c = m. Suppose 0*k + 3*k = 4*j + h, k + 4*j = -3. What is the units digit of k?
1
Let c(w) = w**2 + w - 6. Let x be c(0). Let d = x + 12. What is the units digit of d?
6
Suppose 0 = 2*o - 387 + 127. What is the tens digit of o?
3
Let v(g) = -g**2 - 6*g - 6. Let h be v(-4). What is the tens digit of 24 - h/(2/3)?
2
Let u(m) be the first derivative of -m**2/2 - m + 1. What is the units digit of u(-6)?
5
Suppose 5*b = 2*a - 229, -3*b + 7 = 22. What is the hundreds digit of a?
1
Suppose 0 = x + 2*x + 12. Let n(u) = 2*u**2 + 6*u. What is the units digit of n(x)?
8
Let t(z) = -z**2 + 3*z + 4. Let h be t(3). Suppose -17*m = -11*m - 300. Suppose i = -h*i + m. What is the units digit of i?
0
Let m(f) be the second derivative of -f**5/20 + f**4/3 - 2*f**3/3 + 3*f**2/2 + 3*f. Let o be m(3). Suppose o = 3*v - 2 - 13. What is the units digit of v?
5
Let g(c) = -6*c**3 + 7*c**2 + 2*c - 9. Let q(p) = 3*p**3 - 3*p**2 - p + 4. Let f(r) = 3*g(r) + 7*q(r). What is the units digit of f(1)?
3
Let w be ((-4)/(-5))/((-4)/(-10)). Suppose -2*g + 16 = -0*z + w*z, -4*g = -3*z - 11. What is the units digit of g?
5
Suppose -a + 5*a - 16 = 0, 2*a = -5*u + 263. What is the units digit of u?
1
Suppose -3*t = 4*x - 577, -t - x = -5*t + 744. What is the units digit of t?
7
Let x = 1 + -1. Let c be 25/10*2*1. Suppose x = -q + 5*q - g - 6, -4*q + 14 = -c*g. What is the units digit of q?
1
Let q be 5*(1 - (0 - 2)). Suppose 3 = -u + q. What is the tens digit of u?
1
Suppose 5*k = -j + 6*j - 15, 0 = -j + 5*k - 5. Suppose 4*l = -l + j, -3*l = 3*u - 24. What is the units digit of u?
7
What is the units digit of 60 - 2 - (7 + -8)?
9
Let p(h) = -h**3 + 7*h**2 - 7*h + 9. Let q be p(6). Let i be 1/q*-2*-3. Suppose 3*n - 3 = 0, 8 = 3*a + i*n - 6. What is the units digit of a?
4
Suppose 0*i - 2*i + 46 = 4*o, 2*o - 61 = -3*i. What is the tens digit of i?
1
Suppose -2*p + 0*p + 36 = 0. Let a = -6 + p. What is the units digit of a?
2
Suppose -74 = -v + 4*x, -x - 294 = -4*v - v. What is the units digit of v?
8
What is the tens digit of -2 - (-51 - (-1 + 1))?
4
Let s(v) = -5 + 7 - v + 5. Let a be s(5). Suppose a = 3*q - 28. What is the tens digit of q?
1
Let x(g) = 6*g + 15. What is the tens digit of x(5)?
4
Suppose -2*o = -5*q - 4*o - 6, -5*q - 16 = -3*o. Let a be (4/(-12))/(q/30). What is the units digit of 54/15 - (-2)/a?
4
Let p(k) = 2*k**2 - 4*k**2 - 7*k + 3*k**2 + 6. Let i be p(7). Let m = i + 0. What is the units digit of m?
6
Suppose 0*n - 2*n + 5*p = 15, 3*n - 5 = 2*p. Suppose -2*i - i + 9 = 0, 3*m = -n*i + 72. What is the tens digit of m?
1
Let a be (-9)/1*8/(-3). Let j be 17/6 - (-4)/a. Suppose -v = -j*s - 9, 2 - 5 = -v - 3*s. What is the units digit of v?
6
Let s(d) be the third derivative of d**5/60 + d**4/8 - 2*d**3/3 - 4*d**2. Let n be s(-3). Let j = n + 12. What is the units digit of j?
8
Let w = -9 + 11. Suppose v = -5*u + 40, -w*v + 52 = 2*u + u. What is the units digit of v?
0
Suppose g - 85 = -2*g - 5*b, 35 = g + 5*b. What is the tens digit of g?
2
Let v(d) = d**3 + 7*d**2 - 9*d - 8. Let j be v(-8). Suppose 2*s = -j*s + 38. What is the units digit of s?
9
Suppose 41 = 5*f - 4. Suppose -3*h + 3*m = -63, -2*m + 1 = -3. Suppose -h - f = -4*l. What is the units digit of l?
8
Let n(j) = -1. Let f(o) = o**2 + 5*o + 1. Let w(i) = f(i) - 3*n(i). Let x be 40/(-32)*8/2. What is the units digit of w(x)?
4
Let p(u) = -48*u + 13. What is the hundreds digit of p(-4)?
2
What is the units digit of 7 - -5*(-8)/20?
5
Suppose 0 = q + 2, 3*q - 143 = -5*a + 2*q. Let z = 9 + a. What is the units digit of z?
8
Suppose 5*h - 10 = 235. What is the units digit of h?
9
Let s be (-14)/7 - (-2)/1. Suppose a + 3*a - 16 = s. What is the units digit of a?
4
Suppose -10 = -g - 7. Suppose l = -g*x + 36, 4*x + 108 = 3*l + 5*x. What is the units digit of l?
6
Suppose 5*a - 21 = b, 0*b + 4*a - 12 = 2*b. What is the units digit of b?
4
Let a = 149 - 53. What is the units digit of a?
6
Let w(o) be the second derivative of -o**3/6 + o**2 - o. Let m be w(5). Let q = m - -9. What is the units digit of q?
6
Let s(j) = -j**3 - 5*j**2 - 3*j - 1. Let g be s(-4). Let p(f) = f + 5. Let m be p(5). Let o = m + g. What is the units digit of o?
5
Let x(h) = -2*h + 5. Let w be x(6). What is the units digit of 4/28 - 83/w?
2
Let t(q) = q**2 - q - 1. Let l(g) = 6*g**2 - 12*g - 12. Let f(r) = l(r) - 5*t(r). What is the tens digit of f(9)?
1
What is the tens digit of (-15 - -22)/(2/4)?
1
Let x(b) = -4*b + 12. Let g(i) = 11*i - 36. Let j(y) = -3*g(y) - 8*x(y). What is the units digit of j(7)?
5
Suppose -g + 46 = -135. What is the hundreds digit of g?
1
Let h(w) be the third derivative of w**5/20 - 5*w**4/24 - w**3/3 - 8*w**2. What is the tens digit of h(4)?
2
Let b(r) = -r. Let t be b(7). Let l(d) be the second derivative of -d**5/20 - 2*d**4/3 - 3*d**3/2 - 5*d**2 + d. What is the units digit of l(t)?
4
Let t(q) be the second derivative of -q**3/6 + 7*q**2/2 - q. Let g be t(3). Suppose -23 = -g*s - n, 0 = -2*s + 3*s - 5*n - 11. What is the units digit of s?
6
What is the tens digit of 1/(2/46 - 0)?
2
Suppose -15*q + 23*q = 656. What is the tens digit of q?
8
Let v(j) = j**2 + 4*j - 2. Let x = 9 - 13. Let z be v(x). Let c(m) = -2*m - 3. What is the units digit of c(z)?
1
What is the tens digit of (35/(-15))/(-2 + (-188)/(-96))?
5
Let q be (0/(-2))/1 + 3. Let j(w) = -4*w - 20*w**q - 2*w**2 + 0*w + 2*w - 1 + 5*w**3. What is the units digit of j(-1)?
4
Let k(r) = -r + 5*r**2 + 19*r**2 + 3*r + 1 + 26*r**2. What is the units digit of k(-1)?
9
Let x be (-12)/10*10/(-4). Suppose x*c = -c + 44. What is the tens digit of c?
1
Let k(x) = x**2 + 5*x - 1. Let l be k(-6). Suppose 80 = -l*a + 10*a. What is the units digit of a?
6
Let x(a) = a**2 + 3*a + 6. Let p be x(-5). Let u = p - 1. What is the units digit of u?
5
Suppose 2*u - 3*x = -1, -2*u + 2*x + 3 = -1. What is the units digit of u?
7
Let l = 6 - -2. Suppose 0 = 4*f + l, -f + 118 = 2*u + 2*u. What is the tens digit of 3/(2 + (-51)/u)?
1
Let q be (9/(-6))/((-2)/4). Suppose -48 = -h - q*h. What is the units digit of h?
2
Suppose 5*q - 409 + 129 = 0. What is the tens digit of q?
5
Let t = 29 - -109. What is the tens digit of t?
3
Suppose 4*p = -0*p - 3*b + 308, -2*b = -3*p + 231. What is the units digit of p?
7
Let d be (-2)/(-8) + 442/(-8). What is the units digit of (-656)/(-22) + (-10)/d?
0
Let s = -16 + 29. What is the tens digit of s?
1
Let z(h) = -11*h + 38. What is the hundreds digit of z(-12)?
1
Let j(u) = -u + 8 + 4*u - 16 - u. What is the units digit of j(8)?
8
Let o = 23 - 13. Suppose -4*l + l - 5*h = -2, -3*h = 4*l - o. What is the units digit of l?
4
Let v(n) = 5*n - 46. What is the tens digit of v(19)?
4
Suppose 0 = 5*b - 6 + 1. What is the units digit of b?
1
Let z(l) = -53*l**3 - 1 - 2*l + 3*l**2 + 52*l**3 - 8*l**2. Let v(a) = -a**3 + 2*a - 1. Let g be v(2). What is the units digit of z(g)?
9
Let g = -136 - -191. What is the tens digit of g?
5
Let f(d) = -60*d - 11. What is the tens digit of f(-3)?
6
Let x = 104 + -68. What is the tens digit of x?
3
Let b = 4 + -8. What is the units digit of 75/6 + (-2)/b?
3
What is the units digit of 97 - (5 - -1 - 3)?
4
Suppose -10 = -3*r + 2. What is the units digit of r?
4
Suppose l = 3*f - 198, f = -0*f - 5*l + 82. What is the units digit of f?
7
Suppose c - 4*l + l - 4 = 0, -18 = 5*c + 4*l. Let i be (3/c)/(3/6). Let x = 5 - i. What is the units digit of x?
8
Suppose 2*u - 5*u = -2*r - 45, 4*r = 12. What is the units digit of u?
7
Suppose 3 = -2*r + 3*r. Suppose 3*p - r*k = -0*k + 18, -5*k = -p - 6. What is the units digit of p?
9
Let s(k) = k**2 + 1 - 2*k**2 - 5*k + 15*k**3 + 4*k. What is the tens digit of s(1)?
1
Let r(q) = 52*q + 5. What is the tens digit of r(6)?
1
Let p(f) = 2*f**2 + 7*f - 6. What is the tens digit of p(-7)?
4
What is the units digit of -2*1 - (-47 + 8)?
7
Suppose 5*n + 52 = 9*n. What is the tens digit of n?
1
Let o = -1 + -21. Let u be 1/4 + o/(-8). Suppose 0 = -a - u*j - 2 - 0, -a = 2*j. What is the units digit of a?
4
L